). Calculate the greatest common factor of n and s.
14
Suppose 0 = -10*c + 27*c - 119. What is the greatest common factor of 224 and c?
7
Suppose -60 = -12*n + 8*n. Let g = 17 - n. Calculate the greatest common divisor of 5 and g.
1
Let b = -2147 + 2152. What is the highest common factor of 685 and b?
5
Let i = 23 - 16. Suppose 5*w = 13 + i. Suppose -3 + 11 = w*r. What is the greatest common factor of 1 and r?
1
Let o(x) = 4*x - 21. Let k be o(12). Let z be 4/6 - (-522)/k. Suppose -4*s - 6 + 22 = 0. What is the greatest common factor of s and z?
4
Let x(i) = 3*i. Let f be x(5). Suppose f + 3 = 3*v. Let p be 50 - -2 - (0 + -2). What is the greatest common factor of p and v?
6
Let k = 11 - 5. Suppose -5 = 3*u - 2*m, 14*m = 19*m + 10. Let v be (26/u - -5)*-18. What is the highest common divisor of k and v?
6
Let q be (14/(-7) - (4 + 1)) + 1095. What is the highest common divisor of q and 204?
68
Suppose 5*f + 4*a = 10*f - 3232, f - 635 = -3*a. What is the greatest common divisor of 184 and f?
92
Let g be 0/1 - (-4 + 1). Let v be (1 + 0)*(19 - g). Let y = -2762 + 2810. What is the highest common divisor of v and y?
16
Let g = -678 - -680. Calculate the greatest common factor of 2 and g.
2
Let a be 29/7 - 1*4/28. Suppose 1 = -a*g + 17. Calculate the highest common factor of 68 and g.
4
Let j = -53 + 71. Calculate the greatest common factor of j and 225.
9
Let m(o) = -o**3 - 3*o**2 + 2*o - 2. Let i be m(-4). Let t = -79 + 168. Suppose 7 + t = 4*z. Calculate the highest common divisor of z and i.
6
Suppose z + 4*z = 15. Suppose 4*f = 5*f + z. Let a be -2*((-9)/6 + f). What is the greatest common factor of a and 72?
9
Suppose -4*k + 5*m = -80, 4*k + 5*m - 64 + 24 = 0. Suppose -2 = -3*h + h, 3*h - 27 = 4*v. Let j be 159/k + v/10. What is the greatest common factor of j and 2?
2
Let r(m) = -m**3 - 23*m**2 - 20*m + 49. Let a be r(-22). Let z be (2 - 42)/(2 + -1). Let f be (z/(-5))/(2/5). Calculate the greatest common divisor of a and f.
5
Suppose o = -o + 64. Let j = 9523 + -9499. What is the greatest common factor of o and j?
8
Let r(z) = z + 74. Let f be r(0). Let h = -41 + f. What is the highest common factor of h and 3?
3
Let j(q) be the first derivative of -3*q**2 + 0*q**2 + 5*q - 8 + q. Let z be j(-17). What is the greatest common divisor of 12 and z?
12
Suppose 10 = 2*s - 4*x, 0*s = -s - 4*x + 11. Let o = 29 + -26. Suppose o*a + 4*j - 405 = -2*a, -3*a + 211 = -4*j. What is the highest common divisor of s and a?
7
Let r(n) = 2*n**2 + 48*n + 36. Let m be r(-24). Suppose 2*l + 8 = -14. Let u = l - -20. Calculate the highest common factor of u and m.
9
Let z be 1192/26 - 34/(-221). Calculate the greatest common factor of z and 414.
46
Let t = -794 - -514. Let i be ((-4)/5)/(16/t). What is the greatest common divisor of 14 and i?
14
Let y be ((-65)/(-10))/((-1)/2). Let h = 13 + y. Suppose -3*z - 6 = h, -4*n - 3*z = -0*z - 246. Calculate the highest common factor of 9 and n.
9
Let p(o) = o**3 + 19*o**2 - 43*o - 15. Let v be p(-21). Calculate the greatest common divisor of v and 630.
6
Suppose -5*n + 2930 = -2*v, -n - 2*v - 1762 = -4*n. What is the highest common divisor of n and 73?
73
Suppose -74*k = -85*k + 2541. Let d = -52 + 73. Calculate the greatest common divisor of d and k.
21
Suppose 3*i + 4*c - 42 = 0, i + 23*c - 18*c = 14. Calculate the greatest common divisor of i and 18.
2
Let j(m) = 35*m + 18. Let l be j(2). What is the highest common divisor of l and 121?
11
Let q = 14 + -8. Let v be q/9*(1 + 2). Suppose -g + 7 = v. Calculate the highest common divisor of 45 and g.
5
Let i = 6 - 17. Let s be 3/3*81/3. Let z = i + s. Calculate the highest common factor of z and 2.
2
Let p be 280/32*16/10. Let h be 101 + (-2 - 0) - 1. What is the highest common divisor of h and p?
14
Let j(n) = 2*n**2 - 12*n + 12. Let u be j(9). Calculate the greatest common divisor of 330 and u.
66
Let y = 2018 + -1846. What is the highest common factor of 1978 and y?
86
Let f be 15/4*(-280)/(-15). Suppose 1 = -i + f. Suppose 0 = 5*m - 0*m - 115. What is the highest common factor of i and m?
23
Suppose 5*n = 5*q - 4180, -q = 4*n - 242 - 599. What is the greatest common divisor of q and 31?
31
Let z = -3 + 11. Let o(b) = b**2 + 7*b - 74. Let t be o(-13). What is the greatest common factor of t and z?
4
Suppose -40*w + 4657 = 657. What is the highest common divisor of w and 70?
10
Suppose -48 = 11*d + 18. Let y be 99/d*(-2)/3. Calculate the greatest common divisor of y and 33.
11
Let a be 94/16 - 27/(-216). What is the greatest common factor of a and 15?
3
Let z be 43 + -32 + (-1 - 4) + 66. What is the highest common factor of z and 45?
9
Let z(h) = 0 - 1 + 27*h + 0 + 4. Let q be z(3). Suppose x - l = 11, -9*l + 4*l = -3*x + 31. What is the greatest common factor of x and q?
12
Let c(a) = -a**2 - 15*a - 54. Let m be c(-6). Suppose -2*w - 24 + 42 = m. What is the highest common factor of 1 and w?
1
Let p be (-152)/(-15) + (-68)/510. Calculate the highest common factor of 370 and p.
10
Let y(z) = -z + 7. Let d be y(-3). Let r = d - 15. Let u(x) = -16*x + 8. Let p be u(r). Calculate the greatest common divisor of p and 8.
8
Let o = 75 + -26. Let v = -27 + o. Suppose -53*f = 642 - 1723 - 9413. Calculate the greatest common divisor of f and v.
22
Let t be (-1)/(-7) - 30/14. Let d = -26 - -44. Let r = d + t. Calculate the highest common divisor of r and 40.
8
Let x = 128 - 119. Let p be (-80)/(-12) - 6/x. What is the greatest common divisor of 12 and p?
6
Suppose 0 = 4*c + c - 1895. Suppose 3*o - 6*j - c = -2*j, -o = 3*j - 109. Let k be 64/6 - (-4 + 11/3). Calculate the greatest common factor of k and o.
11
Let n be ((-32)/10 + 2)/((-40)/100). Suppose 6*y = n*y + 51. Let h = 47 - 30. What is the greatest common divisor of h and y?
17
Suppose -962*u - 16680 = -972*u. Calculate the highest common divisor of u and 12.
12
Let c be 16/20 + ((-2)/(-5))/2. Suppose o = -3*b + 20, 4*b - 13 = -5*o - c. What is the greatest common factor of b and 1?
1
Suppose -z + 53 = 8. Let q be 2/(-10) + (-91)/(-5). Calculate the greatest common divisor of z and q.
9
Suppose 2*m - s - 4*s - 878 = 0, -4*m - 3*s = -1730. Suppose 9*f - m = 259. Calculate the greatest common factor of 7 and f.
7
Suppose -2*t = -2493 - 229. Suppose 8*k = t + 927. Calculate the greatest common factor of 26 and k.
26
Suppose 2*l + 17 = 3*d - 10, 5*l + 35 = d. Let b(m) = m**2 + 8*m + 24. Let r be b(l). Calculate the highest common divisor of 192 and r.
12
Let n be 15/5 - -1*11. Suppose -n = -7*j + 5*j. What is the highest common factor of j and 56?
7
Suppose 5*t + 4*j - 6 = 0, 40*j + 4 = 36*j. Let y be ((0/(-1))/(-2))/1. Suppose t*r + 3 - 23 = y. Calculate the greatest common factor of r and 80.
10
Let a be (-60)/48*40/(-25). Calculate the greatest common divisor of 206 and a.
2
Suppose 11*n + 1105 = -138. Let o = -41 - n. Calculate the highest common factor of 24 and o.
24
Let r(q) = 3*q**2 + 6*q - 15. Let j be r(-7). Suppose -6*g - j = -7*g. Suppose 2*b - 5*b = -g. What is the greatest common divisor of b and 12?
6
Suppose 13*m - 18 = 11*m. Let o = m + -4. Let d(w) = 4*w**2 - 8*w + 4. Let q be d(o). Calculate the highest common divisor of q and 16.
16
Let g = 4 + 0. Suppose 5*f - g*n - 522 = -0*n, -5*f + n = -513. What is the highest common divisor of f and 6?
6
Let a(g) = 2*g**3 - 3*g**2 - 5*g + 4. Let u = 21 - 16. Let i be a(u). Let f be 3*(2 - 16/(-6)). Calculate the highest common divisor of i and f.
14
Let j = -68 - -97. Suppose -5*t = j + 66. Let i = -4 - t. What is the greatest common factor of 5 and i?
5
Let s(r) = 10*r**3 - 4*r**2 + 3*r. Let n be s(2). Let g(d) = 15*d + 1. Let t be g(3). Let c = 60 - t. Calculate the highest common divisor of n and c.
14
Suppose 0 = -2*g + 5*y + 960, y = 4*g - 510 - 1392. Suppose 0 = 10*q - 2025 - g. Calculate the greatest common divisor of 100 and q.
50
Let w be (12 + -12 + -195)*14/(-2). Calculate the greatest common factor of 5 and w.
5
Let b(p) = 171*p**2 - 16*p - 13. Let r be b(-1). What is the highest common divisor of r and 957?
87
Let m(f) = f**3 + 6*f**2 - 28*f + 6. Let y be m(-9). What is the highest common divisor of y and 12?
3
Suppose 3*r = 3*o + 1269, -3*r - 7*o + 6*o + 1257 = 0. What is the greatest common factor of 60 and r?
60
Let s be ((-12144)/55)/(-16)*1*5. Wha